{"id":9,"date":"2023-09-13T12:48:09","date_gmt":"2023-09-13T10:48:09","guid":{"rendered":"https:\/\/sylvainanimations.fr\/?page_id=9"},"modified":"2024-04-19T16:24:39","modified_gmt":"2024-04-19T14:24:39","slug":"about","status":"publish","type":"page","link":"https:\/\/sylvainanimations.fr\/index.php\/about\/","title":{"rendered":"Mes services"},"content":{"rendered":"\t\t<div data-elementor-type=\"wp-page\" data-elementor-id=\"9\" class=\"elementor elementor-9\">\n\t\t\t\t<div class=\"elementor-element elementor-element-b94203a e-flex e-con-boxed e-con e-parent\" data-id=\"b94203a\" data-element_type=\"container\" data-core-v316-plus=\"true\">\n\t\t\t\t\t<div class=\"e-con-inner\">\n\t\t\t\t<div class=\"elementor-element elementor-element-2361f01 elementor-widget elementor-widget-heading\" data-id=\"2361f01\" data-element_type=\"widget\" data-widget_type=\"heading.default\">\n\t\t\t\t<div class=\"elementor-widget-container\">\n\t\t\t<style>\/*! elementor - v3.20.0 - 13-03-2024 *\/\n.elementor-heading-title{padding:0;margin:0;line-height:1}.elementor-widget-heading .elementor-heading-title[class*=elementor-size-]>a{color:inherit;font-size:inherit;line-height:inherit}.elementor-widget-heading .elementor-heading-title.elementor-size-small{font-size:15px}.elementor-widget-heading .elementor-heading-title.elementor-size-medium{font-size:19px}.elementor-widget-heading .elementor-heading-title.elementor-size-large{font-size:29px}.elementor-widget-heading .elementor-heading-title.elementor-size-xl{font-size:39px}.elementor-widget-heading .elementor-heading-title.elementor-size-xxl{font-size:59px}<\/style><h2 class=\"elementor-heading-title elementor-size-default\">Animations de tous types d'\u00e9v\u00e8nements<\/h2>\t\t<\/div>\n\t\t\t\t<\/div>\n\t\t\t\t\t<\/div>\n\t\t\t\t<\/div>\n\t\t<div class=\"elementor-element elementor-element-dfee8ec e-flex e-con-boxed e-con e-parent\" data-id=\"dfee8ec\" data-element_type=\"container\" data-core-v316-plus=\"true\">\n\t\t\t\t\t<div class=\"e-con-inner\">\n\t\t<div class=\"elementor-element elementor-element-4bd7310 e-con-full e-flex e-con e-child\" data-id=\"4bd7310\" data-element_type=\"container\">\n\t\t\t\t<div class=\"elementor-element elementor-element-c35b42a elementor-widget elementor-widget-image\" data-id=\"c35b42a\" data-element_type=\"widget\" data-widget_type=\"image.default\">\n\t\t\t\t<div class=\"elementor-widget-container\">\n\t\t\t<style>\/*! elementor - v3.20.0 - 13-03-2024 *\/\n.elementor-widget-image{text-align:center}.elementor-widget-image a{display:inline-block}.elementor-widget-image a img[src$=\".svg\"]{width:48px}.elementor-widget-image img{vertical-align:middle;display:inline-block}<\/style>\t\t\t\t\t\t\t\t\t\t<img fetchpriority=\"high\" decoding=\"async\" width=\"2560\" height=\"1920\" src=\"https:\/\/sylvainanimations.fr\/wp-content\/uploads\/2024\/01\/20180922_180257-scaled.jpg\" class=\"attachment-full size-full wp-image-95\" alt=\"\" srcset=\"https:\/\/sylvainanimations.fr\/wp-content\/uploads\/2024\/01\/20180922_180257-scaled.jpg 2560w, https:\/\/sylvainanimations.fr\/wp-content\/uploads\/2024\/01\/20180922_180257-300x225.jpg 300w, https:\/\/sylvainanimations.fr\/wp-content\/uploads\/2024\/01\/20180922_180257-1024x768.jpg 1024w, https:\/\/sylvainanimations.fr\/wp-content\/uploads\/2024\/01\/20180922_180257-768x576.jpg 768w, https:\/\/sylvainanimations.fr\/wp-content\/uploads\/2024\/01\/20180922_180257-1536x1152.jpg 1536w, https:\/\/sylvainanimations.fr\/wp-content\/uploads\/2024\/01\/20180922_180257-2048x1536.jpg 2048w, https:\/\/sylvainanimations.fr\/wp-content\/uploads\/2024\/01\/20180922_180257-2000x1500.jpg 2000w\" sizes=\"100vw\" \/>\t\t\t\t\t\t\t\t\t\t\t\t\t<\/div>\n\t\t\t\t<\/div>\n\t\t\t\t<\/div>\n\t\t<div class=\"elementor-element elementor-element-3a52ef5 e-con-full e-flex e-con e-child\" data-id=\"3a52ef5\" data-element_type=\"container\">\n\t\t\t\t<div class=\"elementor-element elementor-element-8c00b3b elementor-widget elementor-widget-text-editor\" data-id=\"8c00b3b\" data-element_type=\"widget\" data-widget_type=\"text-editor.default\">\n\t\t\t\t<div class=\"elementor-widget-container\">\n\t\t\t<style>\/*! elementor - v3.20.0 - 13-03-2024 *\/\n.elementor-widget-text-editor.elementor-drop-cap-view-stacked .elementor-drop-cap{background-color:#69727d;color:#fff}.elementor-widget-text-editor.elementor-drop-cap-view-framed .elementor-drop-cap{color:#69727d;border:3px solid;background-color:transparent}.elementor-widget-text-editor:not(.elementor-drop-cap-view-default) .elementor-drop-cap{margin-top:8px}.elementor-widget-text-editor:not(.elementor-drop-cap-view-default) .elementor-drop-cap-letter{width:1em;height:1em}.elementor-widget-text-editor .elementor-drop-cap{float:left;text-align:center;line-height:1;font-size:50px}.elementor-widget-text-editor .elementor-drop-cap-letter{display:inline-block}<\/style>\t\t\t\t<p>Je propose des forfaits &#8220;prestations&#8221; pour des animations mariages, anniversaires, s\u00e9minaires&#8230;<\/p>\n<p>Mis en place de mat\u00e9riel de sonorisations, jeux de lumi\u00e8res pour que votre \u00e9v\u00e8nement se d\u00e9roule de la meilleure des mani\u00e8res.<\/p>\n<p><\/p>\t\t\t\t\t\t<\/div>\n\t\t\t\t<\/div>\n\t\t\t\t<div class=\"elementor-element elementor-element-1ea5596 elementor-button-info elementor-align-center elementor-widget elementor-widget-button\" data-id=\"1ea5596\" data-element_type=\"widget\" data-widget_type=\"button.default\">\n\t\t\t\t<div class=\"elementor-widget-container\">\n\t\t\t\t\t<div class=\"elementor-button-wrapper\">\n\t\t\t<a class=\"elementor-button elementor-button-link elementor-size-lg\" href=\"#\">\n\t\t\t\t\t\t<span class=\"elementor-button-content-wrapper\">\n\t\t\t\t\t\t<span class=\"elementor-button-text\">Pour en savoir plus<\/span>\n\t\t<\/span>\n\t\t\t\t\t<\/a>\n\t\t<\/div>\n\t\t\t\t<\/div>\n\t\t\t\t<\/div>\n\t\t\t\t<\/div>\n\t\t\t\t\t<\/div>\n\t\t\t\t<\/div>\n\t\t<div class=\"elementor-element elementor-element-7d388b9 e-flex e-con-boxed e-con e-parent\" data-id=\"7d388b9\" data-element_type=\"container\" data-core-v316-plus=\"true\">\n\t\t\t\t\t<div class=\"e-con-inner\">\n\t\t\t\t<div class=\"elementor-element elementor-element-ede56bb elementor-widget elementor-widget-heading\" data-id=\"ede56bb\" data-element_type=\"widget\" data-widget_type=\"heading.default\">\n\t\t\t\t<div class=\"elementor-widget-container\">\n\t\t\t<h2 class=\"elementor-heading-title elementor-size-default\">Locations de mat\u00e9riels <\/h2>\t\t<\/div>\n\t\t\t\t<\/div>\n\t\t\t\t\t<\/div>\n\t\t\t\t<\/div>\n\t\t<div class=\"elementor-element elementor-element-e154e67 e-flex e-con-boxed e-con e-parent\" data-id=\"e154e67\" data-element_type=\"container\" data-core-v316-plus=\"true\">\n\t\t\t\t\t<div class=\"e-con-inner\">\n\t\t<div class=\"elementor-element elementor-element-8b5ae82 e-con-full e-flex e-con e-child\" data-id=\"8b5ae82\" data-element_type=\"container\">\n\t\t\t\t<div class=\"elementor-element elementor-element-56cae62 elementor-button-info elementor-align-center elementor-widget elementor-widget-button\" data-id=\"56cae62\" data-element_type=\"widget\" data-widget_type=\"button.default\">\n\t\t\t\t<div class=\"elementor-widget-container\">\n\t\t\t\t\t<div class=\"elementor-button-wrapper\">\n\t\t\t<a class=\"elementor-button elementor-button-link elementor-size-lg\" href=\"https:\/\/sylvainanimations.fr\/index.php\/location-materiels\/\">\n\t\t\t\t\t\t<span class=\"elementor-button-content-wrapper\">\n\t\t\t\t\t\t<span class=\"elementor-button-text\">Voir tout le mat\u00e9riel<\/span>\n\t\t<\/span>\n\t\t\t\t\t<\/a>\n\t\t<\/div>\n\t\t\t\t<\/div>\n\t\t\t\t<\/div>\n\t\t\t\t<div class=\"elementor-element elementor-element-3246250 elementor-widget elementor-widget-text-editor\" data-id=\"3246250\" data-element_type=\"widget\" data-widget_type=\"text-editor.default\">\n\t\t\t\t<div class=\"elementor-widget-container\">\n\t\t\t\t\t\t\t<p>Tout le mat\u00e9riel mis en location n&#8217;est pas oblig\u00e9 d&#8217;\u00eatre associ\u00e9 \u00e0 une prestation, vous pouvez le louer sans que je participe \u00e0 votre \u00e9v\u00e8nement.<\/p><p>Je met \u00e0 disposition : mat\u00e9riel de sonorisation, chaises, tables, barnum, mange debout, lycra&#8230;<\/p><p>\u00a0<\/p>\t\t\t\t\t\t<\/div>\n\t\t\t\t<\/div>\n\t\t\t\t<\/div>\n\t\t<div class=\"elementor-element elementor-element-51fc707 e-con-full e-flex e-con e-child\" data-id=\"51fc707\" data-element_type=\"container\">\n\t\t\t\t<div class=\"elementor-element elementor-element-db733d2 elementor-widget elementor-widget-image\" data-id=\"db733d2\" data-element_type=\"widget\" data-widget_type=\"image.default\">\n\t\t\t\t<div class=\"elementor-widget-container\">\n\t\t\t\t\t\t\t\t\t\t\t\t\t<img decoding=\"async\" width=\"2560\" height=\"1920\" src=\"https:\/\/sylvainanimations.fr\/wp-content\/uploads\/2024\/01\/20190607_205308-scaled.jpg\" class=\"attachment-full size-full wp-image-106\" alt=\"\" srcset=\"https:\/\/sylvainanimations.fr\/wp-content\/uploads\/2024\/01\/20190607_205308-scaled.jpg 2560w, https:\/\/sylvainanimations.fr\/wp-content\/uploads\/2024\/01\/20190607_205308-300x225.jpg 300w, https:\/\/sylvainanimations.fr\/wp-content\/uploads\/2024\/01\/20190607_205308-1024x768.jpg 1024w, https:\/\/sylvainanimations.fr\/wp-content\/uploads\/2024\/01\/20190607_205308-768x576.jpg 768w, https:\/\/sylvainanimations.fr\/wp-content\/uploads\/2024\/01\/20190607_205308-1536x1152.jpg 1536w, https:\/\/sylvainanimations.fr\/wp-content\/uploads\/2024\/01\/20190607_205308-2048x1536.jpg 2048w, https:\/\/sylvainanimations.fr\/wp-content\/uploads\/2024\/01\/20190607_205308-2000x1500.jpg 2000w\" sizes=\"100vw\" \/>\t\t\t\t\t\t\t\t\t\t\t\t\t<\/div>\n\t\t\t\t<\/div>\n\t\t\t\t<\/div>\n\t\t\t\t\t<\/div>\n\t\t\t\t<\/div>\n\t\t<div class=\"elementor-element elementor-element-689cc35 e-flex e-con-boxed e-con e-parent\" data-id=\"689cc35\" data-element_type=\"container\" data-core-v316-plus=\"true\">\n\t\t\t\t\t<div class=\"e-con-inner\">\n\t\t\t\t<div class=\"elementor-element elementor-element-fc3da25 elementor-widget elementor-widget-heading\" data-id=\"fc3da25\" data-element_type=\"widget\" data-widget_type=\"heading.default\">\n\t\t\t\t<div class=\"elementor-widget-container\">\n\t\t\t<h2 class=\"elementor-heading-title elementor-size-default\">Location remorque frigorifique <\/h2>\t\t<\/div>\n\t\t\t\t<\/div>\n\t\t\t\t\t<\/div>\n\t\t\t\t<\/div>\n\t\t<div class=\"elementor-element elementor-element-b0b69cf e-flex e-con-boxed e-con e-parent\" data-id=\"b0b69cf\" data-element_type=\"container\" data-core-v316-plus=\"true\">\n\t\t\t\t\t<div class=\"e-con-inner\">\n\t\t<div class=\"elementor-element elementor-element-f12146e e-con-full e-flex e-con e-child\" data-id=\"f12146e\" data-element_type=\"container\">\n\t\t\t\t<div class=\"elementor-element elementor-element-b49ed15 elementor-widget elementor-widget-image\" data-id=\"b49ed15\" data-element_type=\"widget\" data-widget_type=\"image.default\">\n\t\t\t\t<div class=\"elementor-widget-container\">\n\t\t\t\t\t\t\t\t\t\t\t\t\t<img decoding=\"async\" width=\"2407\" height=\"1468\" src=\"https:\/\/sylvainanimations.fr\/wp-content\/uploads\/2024\/03\/Design-sans-titre-8.jpg\" class=\"attachment-full size-full wp-image-393\" alt=\"\" srcset=\"https:\/\/sylvainanimations.fr\/wp-content\/uploads\/2024\/03\/Design-sans-titre-8.jpg 2407w, https:\/\/sylvainanimations.fr\/wp-content\/uploads\/2024\/03\/Design-sans-titre-8-300x183.jpg 300w, https:\/\/sylvainanimations.fr\/wp-content\/uploads\/2024\/03\/Design-sans-titre-8-1024x625.jpg 1024w, https:\/\/sylvainanimations.fr\/wp-content\/uploads\/2024\/03\/Design-sans-titre-8-768x468.jpg 768w, https:\/\/sylvainanimations.fr\/wp-content\/uploads\/2024\/03\/Design-sans-titre-8-1536x937.jpg 1536w, https:\/\/sylvainanimations.fr\/wp-content\/uploads\/2024\/03\/Design-sans-titre-8-2048x1249.jpg 2048w, https:\/\/sylvainanimations.fr\/wp-content\/uploads\/2024\/03\/Design-sans-titre-8-2000x1220.jpg 2000w\" sizes=\"100vw\" \/>\t\t\t\t\t\t\t\t\t\t\t\t\t<\/div>\n\t\t\t\t<\/div>\n\t\t\t\t<\/div>\n\t\t<div class=\"elementor-element elementor-element-1415a8a e-con-full e-flex e-con e-child\" data-id=\"1415a8a\" data-element_type=\"container\">\n\t\t\t\t<div class=\"elementor-element elementor-element-e61704a elementor-button-info elementor-align-center elementor-widget elementor-widget-button\" data-id=\"e61704a\" data-element_type=\"widget\" data-widget_type=\"button.default\">\n\t\t\t\t<div class=\"elementor-widget-container\">\n\t\t\t\t\t<div class=\"elementor-button-wrapper\">\n\t\t\t<a class=\"elementor-button elementor-button-link elementor-size-lg\" href=\"https:\/\/sylvainanimations.fr\/index.php\/remorque-frigorifique\/\">\n\t\t\t\t\t\t<span class=\"elementor-button-content-wrapper\">\n\t\t\t\t\t\t<span class=\"elementor-button-text\">En savoir plus<\/span>\n\t\t<\/span>\n\t\t\t\t\t<\/a>\n\t\t<\/div>\n\t\t\t\t<\/div>\n\t\t\t\t<\/div>\n\t\t\t\t<div class=\"elementor-element elementor-element-780a697 elementor-widget elementor-widget-text-editor\" data-id=\"780a697\" data-element_type=\"widget\" data-widget_type=\"text-editor.default\">\n\t\t\t\t<div class=\"elementor-widget-container\">\n\t\t\t\t\t\t\t<p>Une remorque frigorifique est \u00e9galement disponible \u00e0 la location, d&#8217;une capacit\u00e9 de 6m3. Elle fonctionne sur secteur en 220V. Tiens en temp\u00e9rature entre +2\u00b0C et +10\u00b0C. Avec une hauteur de 1.93m il est possible de se tenir debout.<\/p>\n<p><\/p>\t\t\t\t\t\t<\/div>\n\t\t\t\t<\/div>\n\t\t\t\t<\/div>\n\t\t\t\t\t<\/div>\n\t\t\t\t<\/div>\n\t\t\t\t<\/div>\n\t\t","protected":false},"excerpt":{"rendered":"<p>Animations de tous types d&#8217;\u00e9v\u00e8nements Je propose des forfaits &#8220;prestations&#8221; pour des animations mariages, anniversaires, s\u00e9minaires&#8230; Mis en place de mat\u00e9riel de sonorisations, jeux de lumi\u00e8res pour que votre \u00e9v\u00e8nement se d\u00e9roule de la meilleure des mani\u00e8res. Pour en savoir plus Locations de mat\u00e9riels Voir tout le mat\u00e9riel Tout le mat\u00e9riel mis en location n&#8217;est &hellip; <\/p>\n<p class=\"link-more\"><a href=\"https:\/\/sylvainanimations.fr\/index.php\/about\/\" class=\"more-link\">Read more<span class=\"screen-reader-text\"> &#8220;Mes services&#8221;<\/span><\/a><\/p>\n","protected":false},"author":1,"featured_media":462,"parent":0,"menu_order":0,"comment_status":"closed","ping_status":"closed","template":"","meta":{"footnotes":""},"class_list":["post-9","page","type-page","status-publish","has-post-thumbnail","hentry"],"yoast_head":"<!-- This site is optimized with the Yoast SEO plugin v22.2 - https:\/\/yoast.com\/wordpress\/plugins\/seo\/ -->\n<title>Mes services - Sylvain Animations<\/title>\n<meta name=\"robots\" content=\"index, follow, max-snippet:-1, max-image-preview:large, max-video-preview:-1\" \/>\n<link rel=\"canonical\" href=\"https:\/\/sylvainanimations.fr\/index.php\/about\/\" \/>\n<meta property=\"og:locale\" content=\"en_US\" \/>\n<meta property=\"og:type\" content=\"article\" \/>\n<meta property=\"og:title\" content=\"Mes services - Sylvain Animations\" \/>\n<meta property=\"og:description\" content=\"Animations de tous types d&#8217;\u00e9v\u00e8nements Je propose des forfaits &#8220;prestations&#8221; pour des animations mariages, anniversaires, s\u00e9minaires&#8230; Mis en place de mat\u00e9riel de sonorisations, jeux de lumi\u00e8res pour que votre \u00e9v\u00e8nement se d\u00e9roule de la meilleure des mani\u00e8res. Pour en savoir plus Locations de mat\u00e9riels Voir tout le mat\u00e9riel Tout le mat\u00e9riel mis en location n&#8217;est &hellip; Read more &quot;Mes services&quot;\" \/>\n<meta property=\"og:url\" content=\"https:\/\/sylvainanimations.fr\/index.php\/about\/\" \/>\n<meta property=\"og:site_name\" content=\"Sylvain Animations\" \/>\n<meta property=\"article:modified_time\" content=\"2024-04-19T14:24:39+00:00\" \/>\n<meta property=\"og:image\" content=\"http:\/\/sylvainanimations.fr\/wp-content\/uploads\/2023\/09\/cropped-20171203_0026181-scaled-1.jpg\" \/>\n\t<meta property=\"og:image:width\" content=\"2000\" \/>\n\t<meta property=\"og:image:height\" content=\"1200\" \/>\n\t<meta property=\"og:image:type\" content=\"image\/jpeg\" \/>\n<meta name=\"twitter:card\" content=\"summary_large_image\" \/>\n<meta name=\"twitter:label1\" content=\"Est. reading time\" \/>\n\t<meta name=\"twitter:data1\" content=\"2 minutes\" \/>\n<script type=\"application\/ld+json\" class=\"yoast-schema-graph\">{\"@context\":\"https:\/\/schema.org\",\"@graph\":[{\"@type\":\"WebPage\",\"@id\":\"https:\/\/sylvainanimations.fr\/index.php\/about\/\",\"url\":\"https:\/\/sylvainanimations.fr\/index.php\/about\/\",\"name\":\"Mes services - Sylvain Animations\",\"isPartOf\":{\"@id\":\"https:\/\/sylvainanimations.fr\/#website\"},\"primaryImageOfPage\":{\"@id\":\"https:\/\/sylvainanimations.fr\/index.php\/about\/#primaryimage\"},\"image\":{\"@id\":\"https:\/\/sylvainanimations.fr\/index.php\/about\/#primaryimage\"},\"thumbnailUrl\":\"https:\/\/sylvainanimations.fr\/wp-content\/uploads\/2023\/09\/cropped-20171203_0026181-scaled-1.jpg\",\"datePublished\":\"2023-09-13T10:48:09+00:00\",\"dateModified\":\"2024-04-19T14:24:39+00:00\",\"breadcrumb\":{\"@id\":\"https:\/\/sylvainanimations.fr\/index.php\/about\/#breadcrumb\"},\"inLanguage\":\"en-US\",\"potentialAction\":[{\"@type\":\"ReadAction\",\"target\":[\"https:\/\/sylvainanimations.fr\/index.php\/about\/\"]}]},{\"@type\":\"ImageObject\",\"inLanguage\":\"en-US\",\"@id\":\"https:\/\/sylvainanimations.fr\/index.php\/about\/#primaryimage\",\"url\":\"https:\/\/sylvainanimations.fr\/wp-content\/uploads\/2023\/09\/cropped-20171203_0026181-scaled-1.jpg\",\"contentUrl\":\"https:\/\/sylvainanimations.fr\/wp-content\/uploads\/2023\/09\/cropped-20171203_0026181-scaled-1.jpg\",\"width\":2000,\"height\":1200},{\"@type\":\"BreadcrumbList\",\"@id\":\"https:\/\/sylvainanimations.fr\/index.php\/about\/#breadcrumb\",\"itemListElement\":[{\"@type\":\"ListItem\",\"position\":1,\"name\":\"Accueil\",\"item\":\"https:\/\/sylvainanimations.fr\/\"},{\"@type\":\"ListItem\",\"position\":2,\"name\":\"Mes services\"}]},{\"@type\":\"WebSite\",\"@id\":\"https:\/\/sylvainanimations.fr\/#website\",\"url\":\"https:\/\/sylvainanimations.fr\/\",\"name\":\"Sylvain Animations\",\"description\":\"Bienvenue sur notre site internet\",\"publisher\":{\"@id\":\"https:\/\/sylvainanimations.fr\/#organization\"},\"potentialAction\":[{\"@type\":\"SearchAction\",\"target\":{\"@type\":\"EntryPoint\",\"urlTemplate\":\"https:\/\/sylvainanimations.fr\/?s={search_term_string}\"},\"query-input\":\"required name=search_term_string\"}],\"inLanguage\":\"en-US\"},{\"@type\":\"Organization\",\"@id\":\"https:\/\/sylvainanimations.fr\/#organization\",\"name\":\"Sylvain Animations\",\"url\":\"https:\/\/sylvainanimations.fr\/\",\"logo\":{\"@type\":\"ImageObject\",\"inLanguage\":\"en-US\",\"@id\":\"https:\/\/sylvainanimations.fr\/#\/schema\/logo\/image\/\",\"url\":\"https:\/\/sylvainanimations.fr\/wp-content\/uploads\/2024\/01\/cropped-f0f80950-792b-46a0-ae67-fee45e246a2b.png\",\"contentUrl\":\"https:\/\/sylvainanimations.fr\/wp-content\/uploads\/2024\/01\/cropped-f0f80950-792b-46a0-ae67-fee45e246a2b.png\",\"width\":853,\"height\":108,\"caption\":\"Sylvain Animations\"},\"image\":{\"@id\":\"https:\/\/sylvainanimations.fr\/#\/schema\/logo\/image\/\"}}]}<\/script>\n<!-- \/ Yoast SEO plugin. -->","yoast_head_json":{"title":"Mes services - Sylvain Animations","robots":{"index":"index","follow":"follow","max-snippet":"max-snippet:-1","max-image-preview":"max-image-preview:large","max-video-preview":"max-video-preview:-1"},"canonical":"https:\/\/sylvainanimations.fr\/index.php\/about\/","og_locale":"en_US","og_type":"article","og_title":"Mes services - Sylvain Animations","og_description":"Animations de tous types d&#8217;\u00e9v\u00e8nements Je propose des forfaits &#8220;prestations&#8221; pour des animations mariages, anniversaires, s\u00e9minaires&#8230; Mis en place de mat\u00e9riel de sonorisations, jeux de lumi\u00e8res pour que votre \u00e9v\u00e8nement se d\u00e9roule de la meilleure des mani\u00e8res. Pour en savoir plus Locations de mat\u00e9riels Voir tout le mat\u00e9riel Tout le mat\u00e9riel mis en location n&#8217;est &hellip; Read more \"Mes services\"","og_url":"https:\/\/sylvainanimations.fr\/index.php\/about\/","og_site_name":"Sylvain Animations","article_modified_time":"2024-04-19T14:24:39+00:00","og_image":[{"width":2000,"height":1200,"url":"http:\/\/sylvainanimations.fr\/wp-content\/uploads\/2023\/09\/cropped-20171203_0026181-scaled-1.jpg","type":"image\/jpeg"}],"twitter_card":"summary_large_image","twitter_misc":{"Est. reading time":"2 minutes"},"schema":{"@context":"https:\/\/schema.org","@graph":[{"@type":"WebPage","@id":"https:\/\/sylvainanimations.fr\/index.php\/about\/","url":"https:\/\/sylvainanimations.fr\/index.php\/about\/","name":"Mes services - Sylvain Animations","isPartOf":{"@id":"https:\/\/sylvainanimations.fr\/#website"},"primaryImageOfPage":{"@id":"https:\/\/sylvainanimations.fr\/index.php\/about\/#primaryimage"},"image":{"@id":"https:\/\/sylvainanimations.fr\/index.php\/about\/#primaryimage"},"thumbnailUrl":"https:\/\/sylvainanimations.fr\/wp-content\/uploads\/2023\/09\/cropped-20171203_0026181-scaled-1.jpg","datePublished":"2023-09-13T10:48:09+00:00","dateModified":"2024-04-19T14:24:39+00:00","breadcrumb":{"@id":"https:\/\/sylvainanimations.fr\/index.php\/about\/#breadcrumb"},"inLanguage":"en-US","potentialAction":[{"@type":"ReadAction","target":["https:\/\/sylvainanimations.fr\/index.php\/about\/"]}]},{"@type":"ImageObject","inLanguage":"en-US","@id":"https:\/\/sylvainanimations.fr\/index.php\/about\/#primaryimage","url":"https:\/\/sylvainanimations.fr\/wp-content\/uploads\/2023\/09\/cropped-20171203_0026181-scaled-1.jpg","contentUrl":"https:\/\/sylvainanimations.fr\/wp-content\/uploads\/2023\/09\/cropped-20171203_0026181-scaled-1.jpg","width":2000,"height":1200},{"@type":"BreadcrumbList","@id":"https:\/\/sylvainanimations.fr\/index.php\/about\/#breadcrumb","itemListElement":[{"@type":"ListItem","position":1,"name":"Accueil","item":"https:\/\/sylvainanimations.fr\/"},{"@type":"ListItem","position":2,"name":"Mes services"}]},{"@type":"WebSite","@id":"https:\/\/sylvainanimations.fr\/#website","url":"https:\/\/sylvainanimations.fr\/","name":"Sylvain Animations","description":"Bienvenue sur notre site internet","publisher":{"@id":"https:\/\/sylvainanimations.fr\/#organization"},"potentialAction":[{"@type":"SearchAction","target":{"@type":"EntryPoint","urlTemplate":"https:\/\/sylvainanimations.fr\/?s={search_term_string}"},"query-input":"required name=search_term_string"}],"inLanguage":"en-US"},{"@type":"Organization","@id":"https:\/\/sylvainanimations.fr\/#organization","name":"Sylvain Animations","url":"https:\/\/sylvainanimations.fr\/","logo":{"@type":"ImageObject","inLanguage":"en-US","@id":"https:\/\/sylvainanimations.fr\/#\/schema\/logo\/image\/","url":"https:\/\/sylvainanimations.fr\/wp-content\/uploads\/2024\/01\/cropped-f0f80950-792b-46a0-ae67-fee45e246a2b.png","contentUrl":"https:\/\/sylvainanimations.fr\/wp-content\/uploads\/2024\/01\/cropped-f0f80950-792b-46a0-ae67-fee45e246a2b.png","width":853,"height":108,"caption":"Sylvain Animations"},"image":{"@id":"https:\/\/sylvainanimations.fr\/#\/schema\/logo\/image\/"}}]}},"_links":{"self":[{"href":"https:\/\/sylvainanimations.fr\/index.php\/wp-json\/wp\/v2\/pages\/9","targetHints":{"allow":["GET"]}}],"collection":[{"href":"https:\/\/sylvainanimations.fr\/index.php\/wp-json\/wp\/v2\/pages"}],"about":[{"href":"https:\/\/sylvainanimations.fr\/index.php\/wp-json\/wp\/v2\/types\/page"}],"author":[{"embeddable":true,"href":"https:\/\/sylvainanimations.fr\/index.php\/wp-json\/wp\/v2\/users\/1"}],"replies":[{"embeddable":true,"href":"https:\/\/sylvainanimations.fr\/index.php\/wp-json\/wp\/v2\/comments?post=9"}],"version-history":[{"count":48,"href":"https:\/\/sylvainanimations.fr\/index.php\/wp-json\/wp\/v2\/pages\/9\/revisions"}],"predecessor-version":[{"id":536,"href":"https:\/\/sylvainanimations.fr\/index.php\/wp-json\/wp\/v2\/pages\/9\/revisions\/536"}],"wp:featuredmedia":[{"embeddable":true,"href":"https:\/\/sylvainanimations.fr\/index.php\/wp-json\/wp\/v2\/media\/462"}],"wp:attachment":[{"href":"https:\/\/sylvainanimations.fr\/index.php\/wp-json\/wp\/v2\/media?parent=9"}],"curies":[{"name":"wp","href":"https:\/\/api.w.org\/{rel}","templated":true}]}}