{"id":148,"date":"2024-01-05T15:50:59","date_gmt":"2024-01-05T14:50:59","guid":{"rendered":"https:\/\/sylvainanimations.fr\/?page_id=148"},"modified":"2024-03-19T23:03:31","modified_gmt":"2024-03-19T22:03:31","slug":"remorque-frigorifique","status":"publish","type":"page","link":"https:\/\/sylvainanimations.fr\/index.php\/remorque-frigorifique\/","title":{"rendered":"Remorque frigorifique"},"content":{"rendered":"\t\t<div data-elementor-type=\"wp-page\" data-elementor-id=\"148\" class=\"elementor elementor-148\">\n\t\t\t\t<div class=\"elementor-element elementor-element-8236dcf e-flex e-con-boxed e-con e-parent\" data-id=\"8236dcf\" data-element_type=\"container\" data-core-v316-plus=\"true\">\n\t\t\t\t\t<div class=\"e-con-inner\">\n\t\t\t\t<div class=\"elementor-element elementor-element-b95b5b3 elementor-widget elementor-widget-text-editor\" data-id=\"b95b5b3\" data-element_type=\"widget\" data-widget_type=\"text-editor.default\">\n\t\t\t\t<div class=\"elementor-widget-container\">\n\t\t\t<style>\/*! elementor - v3.20.0 - 13-03-2024 *\/\n.elementor-widget-text-editor.elementor-drop-cap-view-stacked .elementor-drop-cap{background-color:#69727d;color:#fff}.elementor-widget-text-editor.elementor-drop-cap-view-framed .elementor-drop-cap{color:#69727d;border:3px solid;background-color:transparent}.elementor-widget-text-editor:not(.elementor-drop-cap-view-default) .elementor-drop-cap{margin-top:8px}.elementor-widget-text-editor:not(.elementor-drop-cap-view-default) .elementor-drop-cap-letter{width:1em;height:1em}.elementor-widget-text-editor .elementor-drop-cap{float:left;text-align:center;line-height:1;font-size:50px}.elementor-widget-text-editor .elementor-drop-cap-letter{display:inline-block}<\/style>\t\t\t\t<p>Vous pouvez louer une remorque frigorifique d&#8217;une capacit\u00e9 de 6m3, avec une hauteur de 1.93m il est possible de se tenir debout \u00e0 l&#8217;int\u00e9rieur. Elle permet de tenir le frais entre +2\u00b0C et +10\u00b0C. Elle dispose d&#8217;un branchement sur le 220V qui vous permet de l&#8217;utiliser n&#8217;importe o\u00f9 !\u00a0<\/p>\t\t\t\t\t\t<\/div>\n\t\t\t\t<\/div>\n\t\t\t\t\t<\/div>\n\t\t\t\t<\/div>\n\t\t<div class=\"elementor-element elementor-element-1a146cb e-flex e-con-boxed e-con e-parent\" data-id=\"1a146cb\" data-element_type=\"container\" data-settings=\"{&quot;background_background&quot;:&quot;classic&quot;}\" data-core-v316-plus=\"true\">\n\t\t\t\t\t<div class=\"e-con-inner\">\n\t\t<div class=\"elementor-element elementor-element-952fa04 e-con-full e-flex e-con e-child\" data-id=\"952fa04\" data-element_type=\"container\">\n\t\t\t\t<div class=\"elementor-element elementor-element-11613f7 elementor-widget elementor-widget-image\" data-id=\"11613f7\" data-element_type=\"widget\" data-widget_type=\"image.default\">\n\t\t\t\t<div class=\"elementor-widget-container\">\n\t\t\t<style>\/*! elementor - v3.20.0 - 13-03-2024 *\/\n.elementor-widget-image{text-align:center}.elementor-widget-image a{display:inline-block}.elementor-widget-image a img[src$=\".svg\"]{width:48px}.elementor-widget-image img{vertical-align:middle;display:inline-block}<\/style>\t\t\t\t\t\t\t\t\t\t<img fetchpriority=\"high\" decoding=\"async\" width=\"432\" height=\"960\" src=\"https:\/\/sylvainanimations.fr\/wp-content\/uploads\/2024\/01\/354083101_9734266739979641_3920486274733766686_n.jpg\" class=\"attachment-full size-full wp-image-111\" alt=\"\" srcset=\"https:\/\/sylvainanimations.fr\/wp-content\/uploads\/2024\/01\/354083101_9734266739979641_3920486274733766686_n.jpg 432w, https:\/\/sylvainanimations.fr\/wp-content\/uploads\/2024\/01\/354083101_9734266739979641_3920486274733766686_n-135x300.jpg 135w\" sizes=\"100vw\" \/>\t\t\t\t\t\t\t\t\t\t\t\t\t<\/div>\n\t\t\t\t<\/div>\n\t\t\t\t<\/div>\n\t\t<div class=\"elementor-element elementor-element-3e9d136 e-con-full e-flex e-con e-child\" data-id=\"3e9d136\" data-element_type=\"container\">\n\t\t\t\t<div class=\"elementor-element elementor-element-4da18eb elementor-widget elementor-widget-text-editor\" data-id=\"4da18eb\" data-element_type=\"widget\" data-widget_type=\"text-editor.default\">\n\t\t\t\t<div class=\"elementor-widget-container\">\n\t\t\t\t\t\t\t<p>Description d\u00e9taill\u00e9e :<\/p>\n<ul>\n<li>capacit\u00e9 de 6m3<\/li>\n<li>1.93 m de hauteur<\/li>\n<li>entre +2\u00b0C et +10\u00b0C<\/li>\n<li>branchement 220V<\/li>\n<li>consommation \u00e9lectrique peu importante<\/li>\n<li>&nbsp;nombreuse \u00e9tag\u00e8re de rangement<\/li>\n<li>s\u00e9curit\u00e9 coupe froid lorsque la porte est ouverte<\/li>\n<li>d\u00e9placement par mes soins (tarif selon commune)<\/li>\n<li>Tarif : 80\u20ac la journ\u00e9e 150\u20ac le week-end<\/li>\n<\/ul>\t\t\t\t\t\t<\/div>\n\t\t\t\t<\/div>\n\t\t\t\t<\/div>\n\t\t\t\t\t<\/div>\n\t\t\t\t<\/div>\n\t\t<div class=\"elementor-element elementor-element-110aeee e-flex e-con-boxed e-con e-parent\" data-id=\"110aeee\" data-element_type=\"container\" data-core-v316-plus=\"true\">\n\t\t\t\t\t<div class=\"e-con-inner\">\n\t\t\t\t<div class=\"elementor-element elementor-element-7bb427a elementor-widget elementor-widget-heading\" data-id=\"7bb427a\" data-element_type=\"widget\" data-widget_type=\"heading.default\">\n\t\t\t\t<div class=\"elementor-widget-container\">\n\t\t\t<style>\/*! elementor - v3.20.0 - 13-03-2024 *\/\n.elementor-heading-title{padding:0;margin:0;line-height:1}.elementor-widget-heading .elementor-heading-title[class*=elementor-size-]>a{color:inherit;font-size:inherit;line-height:inherit}.elementor-widget-heading .elementor-heading-title.elementor-size-small{font-size:15px}.elementor-widget-heading .elementor-heading-title.elementor-size-medium{font-size:19px}.elementor-widget-heading .elementor-heading-title.elementor-size-large{font-size:29px}.elementor-widget-heading .elementor-heading-title.elementor-size-xl{font-size:39px}.elementor-widget-heading .elementor-heading-title.elementor-size-xxl{font-size:59px}<\/style><h2 class=\"elementor-heading-title elementor-size-default\">Formulaire de location<\/h2>\t\t<\/div>\n\t\t\t\t<\/div>\n\t\t\t\t\t<\/div>\n\t\t\t\t<\/div>\n\t\t<div class=\"elementor-element elementor-element-bd7a61a e-flex e-con-boxed e-con e-parent\" data-id=\"bd7a61a\" data-element_type=\"container\" data-core-v316-plus=\"true\">\n\t\t\t\t\t<div class=\"e-con-inner\">\n\t\t\t\t<div class=\"elementor-element elementor-element-e4a2387 elementor-widget elementor-widget-text-editor\" data-id=\"e4a2387\" data-element_type=\"widget\" data-widget_type=\"text-editor.default\">\n\t\t\t\t<div class=\"elementor-widget-container\">\n\t\t\t\t\t\t\t<p>Pour toute demande de location concernant la remorque frigorifique je vous laisse remplir le formulaire ci dessous.<\/p><p>Je vous recontacte d\u00e8s que possible !\u00a0<\/p>\t\t\t\t\t\t<\/div>\n\t\t\t\t<\/div>\n\t\t\t\t\t<\/div>\n\t\t\t\t<\/div>\n\t\t<div class=\"elementor-element elementor-element-e22b04b e-flex e-con-boxed e-con e-parent\" data-id=\"e22b04b\" data-element_type=\"container\" data-core-v316-plus=\"true\">\n\t\t\t\t\t<div class=\"e-con-inner\">\n\t\t\t\t<div class=\"elementor-element elementor-element-7e485c5 elementor-widget elementor-widget-shortcode\" data-id=\"7e485c5\" data-element_type=\"widget\" data-widget_type=\"shortcode.default\">\n\t\t\t\t<div class=\"elementor-widget-container\">\n\t\t\t\t\t<div class=\"elementor-shortcode\">\n<div class=\"wpcf7 no-js\" id=\"wpcf7-f386-o1\" lang=\"fr-FR\" dir=\"ltr\">\n<div class=\"screen-reader-response\"><p role=\"status\" aria-live=\"polite\" aria-atomic=\"true\"><\/p> <ul><\/ul><\/div>\n<form action=\"\/index.php\/wp-json\/wp\/v2\/pages\/148#wpcf7-f386-o1\" method=\"post\" class=\"wpcf7-form init\" aria-label=\"Formulaire de contact\" novalidate=\"novalidate\" data-status=\"init\">\n<div style=\"display: none;\">\n<input type=\"hidden\" name=\"_wpcf7\" value=\"386\" \/>\n<input type=\"hidden\" name=\"_wpcf7_version\" value=\"5.9.2\" \/>\n<input type=\"hidden\" name=\"_wpcf7_locale\" value=\"fr_FR\" \/>\n<input type=\"hidden\" name=\"_wpcf7_unit_tag\" value=\"wpcf7-f386-o1\" \/>\n<input type=\"hidden\" name=\"_wpcf7_container_post\" value=\"0\" \/>\n<input type=\"hidden\" name=\"_wpcf7_posted_data_hash\" value=\"\" \/>\n<\/div>\n<p><label> Votre nom :<br \/>\n<span class=\"wpcf7-form-control-wrap\" data-name=\"your-name\"><input size=\"40\" class=\"wpcf7-form-control wpcf7-text wpcf7-validates-as-required\" autocomplete=\"name\" aria-required=\"true\" aria-invalid=\"false\" value=\"\" type=\"text\" name=\"your-name\" \/><\/span> <\/label>\n<\/p>\n<p><label> Votre e-mail :<br \/>\n<span class=\"wpcf7-form-control-wrap\" data-name=\"your-email\"><input size=\"40\" class=\"wpcf7-form-control wpcf7-email wpcf7-validates-as-required wpcf7-text wpcf7-validates-as-email\" autocomplete=\"email\" aria-required=\"true\" aria-invalid=\"false\" value=\"\" type=\"email\" name=\"your-email\" \/><\/span> <\/label>\n<\/p>\n<p><label> Votre t\u00e9l\u00e9phone :<br \/>\n<span class=\"wpcf7-form-control-wrap\" data-name=\"tel-563\"><input size=\"40\" class=\"wpcf7-form-control wpcf7-tel wpcf7-validates-as-required wpcf7-text wpcf7-validates-as-tel\" aria-required=\"true\" aria-invalid=\"false\" value=\"\" type=\"tel\" name=\"tel-563\" \/><\/span> <\/label>\n<\/p>\n<p><label> Date de d\u00e9but de location :<br \/>\n<span class=\"wpcf7-form-control-wrap\" data-name=\"date-82\"><input class=\"wpcf7-form-control wpcf7-date wpcf7-validates-as-required wpcf7-validates-as-date\" aria-required=\"true\" aria-invalid=\"false\" value=\"Votre date\" type=\"date\" name=\"date-82\" \/><\/span><\/label>\n<\/p>\n<p><label> Date de fin de location :<br \/>\n<span class=\"wpcf7-form-control-wrap\" data-name=\"date-212\"><input class=\"wpcf7-form-control wpcf7-date wpcf7-validates-as-date\" aria-invalid=\"false\" value=\"\" type=\"date\" name=\"date-212\" \/><\/span><\/label>\n<\/p>\n<p><label> Informations compl\u00e9mentaires :<br \/>\n<span class=\"wpcf7-form-control-wrap\" data-name=\"your-message\"><textarea cols=\"40\" rows=\"10\" class=\"wpcf7-form-control wpcf7-textarea wpcf7-validates-as-required\" aria-required=\"true\" aria-invalid=\"false\" name=\"your-message\"><\/textarea><\/span> <\/label>\n<\/p>\n<p><input class=\"wpcf7-form-control wpcf7-submit has-spinner\" type=\"submit\" value=\"Envoyer\" \/>\n<\/p><div class=\"wpcf7-response-output\" aria-hidden=\"true\"><\/div>\n<\/form>\n<\/div>\n<\/div>\n\t\t\t\t<\/div>\n\t\t\t\t<\/div>\n\t\t\t\t\t<\/div>\n\t\t\t\t<\/div>\n\t\t\t\t<\/div>\n\t\t","protected":false},"excerpt":{"rendered":"<p>Vous pouvez louer une remorque frigorifique d&#8217;une capacit\u00e9 de 6m3, avec une hauteur de 1.93m il est possible de se tenir debout \u00e0 l&#8217;int\u00e9rieur. Elle permet de tenir le frais entre +2\u00b0C et +10\u00b0C. Elle dispose d&#8217;un branchement sur le 220V qui vous permet de l&#8217;utiliser n&#8217;importe o\u00f9 !\u00a0 Description d\u00e9taill\u00e9e : capacit\u00e9 de 6m3 &hellip; <\/p>\n<p class=\"link-more\"><a href=\"https:\/\/sylvainanimations.fr\/index.php\/remorque-frigorifique\/\" class=\"more-link\">Read more<span class=\"screen-reader-text\"> &#8220;Remorque frigorifique&#8221;<\/span><\/a><\/p>\n","protected":false},"author":2,"featured_media":0,"parent":0,"menu_order":0,"comment_status":"closed","ping_status":"closed","template":"","meta":{"footnotes":""},"class_list":["post-148","page","type-page","status-publish","hentry"],"yoast_head":"<!-- This site is optimized with the Yoast SEO plugin v22.2 - https:\/\/yoast.com\/wordpress\/plugins\/seo\/ -->\n<title>Remorque frigorifique - Sylvain Animations<\/title>\n<meta name=\"robots\" content=\"index, follow, max-snippet:-1, max-image-preview:large, max-video-preview:-1\" \/>\n<link rel=\"canonical\" href=\"https:\/\/sylvainanimations.fr\/index.php\/remorque-frigorifique\/\" \/>\n<meta property=\"og:locale\" content=\"en_US\" \/>\n<meta property=\"og:type\" content=\"article\" \/>\n<meta property=\"og:title\" content=\"Remorque frigorifique - Sylvain Animations\" \/>\n<meta property=\"og:description\" content=\"Vous pouvez louer une remorque frigorifique d&#8217;une capacit\u00e9 de 6m3, avec une hauteur de 1.93m il est possible de se tenir debout \u00e0 l&#8217;int\u00e9rieur. Elle permet de tenir le frais entre +2\u00b0C et +10\u00b0C. Elle dispose d&#8217;un branchement sur le 220V qui vous permet de l&#8217;utiliser n&#8217;importe o\u00f9 !\u00a0 Description d\u00e9taill\u00e9e : capacit\u00e9 de 6m3 &hellip; Read more &quot;Remorque frigorifique&quot;\" \/>\n<meta property=\"og:url\" content=\"https:\/\/sylvainanimations.fr\/index.php\/remorque-frigorifique\/\" \/>\n<meta property=\"og:site_name\" content=\"Sylvain Animations\" \/>\n<meta property=\"article:modified_time\" content=\"2024-03-19T22:03:31+00:00\" \/>\n<meta property=\"og:image\" content=\"http:\/\/sylvainanimations.fr\/wp-content\/uploads\/2024\/01\/354083101_9734266739979641_3920486274733766686_n.jpg\" \/>\n<meta name=\"twitter:card\" content=\"summary_large_image\" \/>\n<meta name=\"twitter:label1\" content=\"Est. reading time\" \/>\n\t<meta name=\"twitter:data1\" content=\"1 minute\" \/>\n<script type=\"application\/ld+json\" class=\"yoast-schema-graph\">{\"@context\":\"https:\/\/schema.org\",\"@graph\":[{\"@type\":\"WebPage\",\"@id\":\"https:\/\/sylvainanimations.fr\/index.php\/remorque-frigorifique\/\",\"url\":\"https:\/\/sylvainanimations.fr\/index.php\/remorque-frigorifique\/\",\"name\":\"Remorque frigorifique - Sylvain Animations\",\"isPartOf\":{\"@id\":\"https:\/\/sylvainanimations.fr\/#website\"},\"primaryImageOfPage\":{\"@id\":\"https:\/\/sylvainanimations.fr\/index.php\/remorque-frigorifique\/#primaryimage\"},\"image\":{\"@id\":\"https:\/\/sylvainanimations.fr\/index.php\/remorque-frigorifique\/#primaryimage\"},\"thumbnailUrl\":\"http:\/\/sylvainanimations.fr\/wp-content\/uploads\/2024\/01\/354083101_9734266739979641_3920486274733766686_n.jpg\",\"datePublished\":\"2024-01-05T14:50:59+00:00\",\"dateModified\":\"2024-03-19T22:03:31+00:00\",\"breadcrumb\":{\"@id\":\"https:\/\/sylvainanimations.fr\/index.php\/remorque-frigorifique\/#breadcrumb\"},\"inLanguage\":\"en-US\",\"potentialAction\":[{\"@type\":\"ReadAction\",\"target\":[\"https:\/\/sylvainanimations.fr\/index.php\/remorque-frigorifique\/\"]}]},{\"@type\":\"ImageObject\",\"inLanguage\":\"en-US\",\"@id\":\"https:\/\/sylvainanimations.fr\/index.php\/remorque-frigorifique\/#primaryimage\",\"url\":\"https:\/\/sylvainanimations.fr\/wp-content\/uploads\/2024\/01\/354083101_9734266739979641_3920486274733766686_n.jpg\",\"contentUrl\":\"https:\/\/sylvainanimations.fr\/wp-content\/uploads\/2024\/01\/354083101_9734266739979641_3920486274733766686_n.jpg\",\"width\":432,\"height\":960},{\"@type\":\"BreadcrumbList\",\"@id\":\"https:\/\/sylvainanimations.fr\/index.php\/remorque-frigorifique\/#breadcrumb\",\"itemListElement\":[{\"@type\":\"ListItem\",\"position\":1,\"name\":\"Accueil\",\"item\":\"https:\/\/sylvainanimations.fr\/\"},{\"@type\":\"ListItem\",\"position\":2,\"name\":\"Remorque frigorifique\"}]},{\"@type\":\"WebSite\",\"@id\":\"https:\/\/sylvainanimations.fr\/#website\",\"url\":\"https:\/\/sylvainanimations.fr\/\",\"name\":\"Sylvain Animations\",\"description\":\"Bienvenue sur notre site internet\",\"publisher\":{\"@id\":\"https:\/\/sylvainanimations.fr\/#organization\"},\"potentialAction\":[{\"@type\":\"SearchAction\",\"target\":{\"@type\":\"EntryPoint\",\"urlTemplate\":\"https:\/\/sylvainanimations.fr\/?s={search_term_string}\"},\"query-input\":\"required name=search_term_string\"}],\"inLanguage\":\"en-US\"},{\"@type\":\"Organization\",\"@id\":\"https:\/\/sylvainanimations.fr\/#organization\",\"name\":\"Sylvain Animations\",\"url\":\"https:\/\/sylvainanimations.fr\/\",\"logo\":{\"@type\":\"ImageObject\",\"inLanguage\":\"en-US\",\"@id\":\"https:\/\/sylvainanimations.fr\/#\/schema\/logo\/image\/\",\"url\":\"https:\/\/sylvainanimations.fr\/wp-content\/uploads\/2024\/01\/cropped-f0f80950-792b-46a0-ae67-fee45e246a2b.png\",\"contentUrl\":\"https:\/\/sylvainanimations.fr\/wp-content\/uploads\/2024\/01\/cropped-f0f80950-792b-46a0-ae67-fee45e246a2b.png\",\"width\":853,\"height\":108,\"caption\":\"Sylvain Animations\"},\"image\":{\"@id\":\"https:\/\/sylvainanimations.fr\/#\/schema\/logo\/image\/\"}}]}<\/script>\n<!-- \/ Yoast SEO plugin. -->","yoast_head_json":{"title":"Remorque frigorifique - Sylvain Animations","robots":{"index":"index","follow":"follow","max-snippet":"max-snippet:-1","max-image-preview":"max-image-preview:large","max-video-preview":"max-video-preview:-1"},"canonical":"https:\/\/sylvainanimations.fr\/index.php\/remorque-frigorifique\/","og_locale":"en_US","og_type":"article","og_title":"Remorque frigorifique - Sylvain Animations","og_description":"Vous pouvez louer une remorque frigorifique d&#8217;une capacit\u00e9 de 6m3, avec une hauteur de 1.93m il est possible de se tenir debout \u00e0 l&#8217;int\u00e9rieur. Elle permet de tenir le frais entre +2\u00b0C et +10\u00b0C. Elle dispose d&#8217;un branchement sur le 220V qui vous permet de l&#8217;utiliser n&#8217;importe o\u00f9 !\u00a0 Description d\u00e9taill\u00e9e : capacit\u00e9 de 6m3 &hellip; Read more \"Remorque frigorifique\"","og_url":"https:\/\/sylvainanimations.fr\/index.php\/remorque-frigorifique\/","og_site_name":"Sylvain Animations","article_modified_time":"2024-03-19T22:03:31+00:00","og_image":[{"url":"http:\/\/sylvainanimations.fr\/wp-content\/uploads\/2024\/01\/354083101_9734266739979641_3920486274733766686_n.jpg"}],"twitter_card":"summary_large_image","twitter_misc":{"Est. reading time":"1 minute"},"schema":{"@context":"https:\/\/schema.org","@graph":[{"@type":"WebPage","@id":"https:\/\/sylvainanimations.fr\/index.php\/remorque-frigorifique\/","url":"https:\/\/sylvainanimations.fr\/index.php\/remorque-frigorifique\/","name":"Remorque frigorifique - Sylvain Animations","isPartOf":{"@id":"https:\/\/sylvainanimations.fr\/#website"},"primaryImageOfPage":{"@id":"https:\/\/sylvainanimations.fr\/index.php\/remorque-frigorifique\/#primaryimage"},"image":{"@id":"https:\/\/sylvainanimations.fr\/index.php\/remorque-frigorifique\/#primaryimage"},"thumbnailUrl":"http:\/\/sylvainanimations.fr\/wp-content\/uploads\/2024\/01\/354083101_9734266739979641_3920486274733766686_n.jpg","datePublished":"2024-01-05T14:50:59+00:00","dateModified":"2024-03-19T22:03:31+00:00","breadcrumb":{"@id":"https:\/\/sylvainanimations.fr\/index.php\/remorque-frigorifique\/#breadcrumb"},"inLanguage":"en-US","potentialAction":[{"@type":"ReadAction","target":["https:\/\/sylvainanimations.fr\/index.php\/remorque-frigorifique\/"]}]},{"@type":"ImageObject","inLanguage":"en-US","@id":"https:\/\/sylvainanimations.fr\/index.php\/remorque-frigorifique\/#primaryimage","url":"https:\/\/sylvainanimations.fr\/wp-content\/uploads\/2024\/01\/354083101_9734266739979641_3920486274733766686_n.jpg","contentUrl":"https:\/\/sylvainanimations.fr\/wp-content\/uploads\/2024\/01\/354083101_9734266739979641_3920486274733766686_n.jpg","width":432,"height":960},{"@type":"BreadcrumbList","@id":"https:\/\/sylvainanimations.fr\/index.php\/remorque-frigorifique\/#breadcrumb","itemListElement":[{"@type":"ListItem","position":1,"name":"Accueil","item":"https:\/\/sylvainanimations.fr\/"},{"@type":"ListItem","position":2,"name":"Remorque frigorifique"}]},{"@type":"WebSite","@id":"https:\/\/sylvainanimations.fr\/#website","url":"https:\/\/sylvainanimations.fr\/","name":"Sylvain Animations","description":"Bienvenue sur notre site internet","publisher":{"@id":"https:\/\/sylvainanimations.fr\/#organization"},"potentialAction":[{"@type":"SearchAction","target":{"@type":"EntryPoint","urlTemplate":"https:\/\/sylvainanimations.fr\/?s={search_term_string}"},"query-input":"required name=search_term_string"}],"inLanguage":"en-US"},{"@type":"Organization","@id":"https:\/\/sylvainanimations.fr\/#organization","name":"Sylvain Animations","url":"https:\/\/sylvainanimations.fr\/","logo":{"@type":"ImageObject","inLanguage":"en-US","@id":"https:\/\/sylvainanimations.fr\/#\/schema\/logo\/image\/","url":"https:\/\/sylvainanimations.fr\/wp-content\/uploads\/2024\/01\/cropped-f0f80950-792b-46a0-ae67-fee45e246a2b.png","contentUrl":"https:\/\/sylvainanimations.fr\/wp-content\/uploads\/2024\/01\/cropped-f0f80950-792b-46a0-ae67-fee45e246a2b.png","width":853,"height":108,"caption":"Sylvain Animations"},"image":{"@id":"https:\/\/sylvainanimations.fr\/#\/schema\/logo\/image\/"}}]}},"_links":{"self":[{"href":"https:\/\/sylvainanimations.fr\/index.php\/wp-json\/wp\/v2\/pages\/148","targetHints":{"allow":["GET"]}}],"collection":[{"href":"https:\/\/sylvainanimations.fr\/index.php\/wp-json\/wp\/v2\/pages"}],"about":[{"href":"https:\/\/sylvainanimations.fr\/index.php\/wp-json\/wp\/v2\/types\/page"}],"author":[{"embeddable":true,"href":"https:\/\/sylvainanimations.fr\/index.php\/wp-json\/wp\/v2\/users\/2"}],"replies":[{"embeddable":true,"href":"https:\/\/sylvainanimations.fr\/index.php\/wp-json\/wp\/v2\/comments?post=148"}],"version-history":[{"count":31,"href":"https:\/\/sylvainanimations.fr\/index.php\/wp-json\/wp\/v2\/pages\/148\/revisions"}],"predecessor-version":[{"id":392,"href":"https:\/\/sylvainanimations.fr\/index.php\/wp-json\/wp\/v2\/pages\/148\/revisions\/392"}],"wp:attachment":[{"href":"https:\/\/sylvainanimations.fr\/index.php\/wp-json\/wp\/v2\/media?parent=148"}],"curies":[{"name":"wp","href":"https:\/\/api.w.org\/{rel}","templated":true}]}}